{"id":24,"date":"2024-10-23T16:34:57","date_gmt":"2024-10-23T14:34:57","guid":{"rendered":"https:\/\/pro-mont.cz\/?page_id=24"},"modified":"2024-10-23T16:35:19","modified_gmt":"2024-10-23T14:35:19","slug":"volna-mista","status":"publish","type":"page","link":"https:\/\/pro-mont.cz\/?page_id=24","title":{"rendered":"Voln\u00e1 m\u00edsta"},"content":{"rendered":"\n<p>Hled\u00e1me zku\u0161en\u00e9 z\u00e1me\u010dn\u00edky!<\/p>\n\n\n\n<p>Do na\u0161eho t\u00fdmu PRO-MONT hled\u00e1me \u0161ikovn\u00e9 a spolehliv\u00e9 z\u00e1me\u010dn\u00edky, kte\u0159\u00ed maj\u00ed z\u00e1jem pod\u00edlet se na zaj\u00edmav\u00fdch projektech v oblasti v\u00fdroby z\u00e1me\u010dnick\u00fdch produkt\u016f a mont\u00e1\u017e\u00ed. Nab\u00edz\u00edme stabiln\u00ed pr\u00e1ci s mo\u017enost\u00ed profesn\u00edho r\u016fstu, p\u0159\u00e1telsk\u00fd kolektiv a modern\u00ed pracovn\u00ed prost\u0159ed\u00ed.<\/p>\n\n\n\n<h3 class=\"wp-block-heading\">Po\u017eadujeme:<\/h3>\n\n\n\n<ul class=\"wp-block-list\">\n<li>Praxe v oboru z\u00e1me\u010dnictv\u00ed<\/li>\n\n\n\n<li>Znalost \u010dten\u00ed technick\u00fdch v\u00fdkres\u016f<\/li>\n\n\n\n<li>Manu\u00e1ln\u00ed zru\u010dnost a preciznost<\/li>\n\n\n\n<li>Zku\u0161enosti se sva\u0159ov\u00e1n\u00edm (TIG, MIG, AC-DC nebo plazmov\u00e9 sv\u00e1\u0159en\u00ed) v\u00fdhodou<\/li>\n<\/ul>\n\n\n\n<h3 class=\"wp-block-heading\">Nab\u00edz\u00edme:<\/h3>\n\n\n\n<ul class=\"wp-block-list\">\n<li>Motivuj\u00edc\u00ed finan\u010dn\u00ed ohodnocen\u00ed<\/li>\n\n\n\n<li>Pr\u00e1ci na zaj\u00edmav\u00fdch projektech v modern\u011b vybaven\u00e9 d\u00edln\u011b<\/li>\n\n\n\n<li>P\u0159\u00edle\u017eitost k dal\u0161\u00edmu profesn\u00edmu rozvoji<\/li>\n<\/ul>\n\n\n\n<p>M\u00e1te z\u00e1jem st\u00e1t se sou\u010d\u00e1st\u00ed na\u0161eho t\u00fdmu? Po\u0161lete n\u00e1m sv\u016fj \u017eivotopis na info@pro-mont.cz nebo n\u00e1s kontaktujte na 720 196 572. T\u011b\u0161\u00edme se na spolupr\u00e1ci!<\/p>\n","protected":false},"excerpt":{"rendered":"<p>Hled\u00e1me zku\u0161en\u00e9 z\u00e1me\u010dn\u00edky! Do na\u0161eho t\u00fdmu PRO-MONT hled\u00e1me \u0161ikovn\u00e9 a spolehliv\u00e9 z\u00e1me\u010dn\u00edky, kte\u0159\u00ed maj\u00ed z\u00e1jem [&hellip;]<\/p>\n","protected":false},"author":1,"featured_media":0,"parent":0,"menu_order":0,"comment_status":"closed","ping_status":"closed","template":"","meta":{"footnotes":""},"class_list":["post-24","page","type-page","status-publish","hentry"],"_links":{"self":[{"href":"https:\/\/pro-mont.cz\/index.php?rest_route=\/wp\/v2\/pages\/24","targetHints":{"allow":["GET"]}}],"collection":[{"href":"https:\/\/pro-mont.cz\/index.php?rest_route=\/wp\/v2\/pages"}],"about":[{"href":"https:\/\/pro-mont.cz\/index.php?rest_route=\/wp\/v2\/types\/page"}],"author":[{"embeddable":true,"href":"https:\/\/pro-mont.cz\/index.php?rest_route=\/wp\/v2\/users\/1"}],"replies":[{"embeddable":true,"href":"https:\/\/pro-mont.cz\/index.php?rest_route=%2Fwp%2Fv2%2Fcomments&post=24"}],"version-history":[{"count":2,"href":"https:\/\/pro-mont.cz\/index.php?rest_route=\/wp\/v2\/pages\/24\/revisions"}],"predecessor-version":[{"id":28,"href":"https:\/\/pro-mont.cz\/index.php?rest_route=\/wp\/v2\/pages\/24\/revisions\/28"}],"wp:attachment":[{"href":"https:\/\/pro-mont.cz\/index.php?rest_route=%2Fwp%2Fv2%2Fmedia&parent=24"}],"curies":[{"name":"wp","href":"https:\/\/api.w.org\/{rel}","templated":true}]}}